{"id":250,"date":"2011-09-22T18:37:47","date_gmt":"2011-09-22T18:37:47","guid":{"rendered":"http:\/\/avesdesierramorena.sierramorena.com\/?page_id=250"},"modified":"2012-10-26T19:28:24","modified_gmt":"2012-10-26T19:28:24","slug":"especies","status":"publish","type":"page","link":"http:\/\/avesdesierramorena.sierramorena.com\/?page_id=250","title":{"rendered":"Gu\u00eda de las aves de Sierra Morena (anterior)"},"content":{"rendered":"<table border=\"0\" width=\"590\">\n<tbody>\n<tr>\n<td width=\"143\"><img style=\"width: 140px; height: 140px; position: absolute;\" src=\"http:\/\/avesdesierramorena.sierramorena.com\/imagenes\/aves\/avesdesierramorena.gif\" alt=\"\" \/><img src=\"http:\/\/avesdesierramorena.sierramorena.com\/imagenes\/aves\/aegypius-monachus-b.jpg\" alt=\"\" \/><\/td>\n<td width=\"143\"><a href=\"\/?page_id=370\"><img style=\"width: 140px; height: 140px; position: absolute;\" src=\"http:\/\/avesdesierramorena.sierramorena.com\/imagenes\/aves\/avesdesierramorena.gif\" alt=\"\" \/><img src=\"http:\/\/avesdesierramorena.sierramorena.com\/imagenes\/aves\/apus-caffer-b.jpg\" alt=\"\" \/><\/a><\/td>\n<td width=\"143\"><img style=\"width: 140px; height: 140px; position: absolute;\" src=\"http:\/\/avesdesierramorena.sierramorena.com\/imagenes\/aves\/avesdesierramorena.gif\" alt=\"\" \/><img src=\"http:\/\/avesdesierramorena.sierramorena.com\/imagenes\/aves\/aquila-chrysaetos-b.jpg\" alt=\"\" \/><\/td>\n<td width=\"143\"><img style=\"width: 140px; height: 140px; position: absolute;\" src=\"http:\/\/avesdesierramorena.sierramorena.com\/imagenes\/aves\/avesdesierramorena.gif\" alt=\"\" \/><img src=\"http:\/\/avesdesierramorena.sierramorena.com\/imagenes\/aves\/ciconia-nigra-b.jpg\" alt=\"\" \/><\/td>\n<\/tr>\n<tr>\n<td style=\"text-align: center;\"><span id=\"internal-source-marker_0.5685568844154812\">Buitre Negro<br \/>\n<em>Aegypius monachus<\/em><\/span><\/td>\n<td style=\"text-align: center;\"><span id=\"internal-source-marker_0.\">Vencejo Cafre<br \/>\n<em>Apus caffer<\/em><\/span><\/td>\n<td style=\"text-align: center;\"><span id=\"internal-source-marker_0.2\"> \u00c1guila Real<br \/>\n<em>Aquila chrysaetos<\/em><\/span><\/td>\n<td style=\"text-align: center;\"><span id=\"internal-source-marker_0.3\">Cig\u00fce\u00f1a Negra<br \/>\n<em>Ciconia nigra<\/em><\/span><\/td>\n<\/tr>\n<tr>\n<td><\/td>\n<td><\/td>\n<td><\/td>\n<td><\/td>\n<\/tr>\n<tr>\n<td><img style=\"width: 140px; height: 140px; position: absolute;\" src=\"http:\/\/avesdesierramorena.sierramorena.com\/imagenes\/aves\/avesdesierramorena.gif\" alt=\"\" \/><img src=\"http:\/\/avesdesierramorena.sierramorena.com\/imagenes\/aves\/circaetus-gallicus-b.jpg\" alt=\"\" \/><\/td>\n<td><img loading=\"lazy\" src=\"\/imagenes\/aves\/dendrocopos-minor-b.jpg\" alt=\"\" width=\"140\" height=\"140\" \/><\/td>\n<td><img loading=\"lazy\" src=\"\/imagenes\/aves\/phoenicurus-phoenicurus-b.jpg\" alt=\"\" width=\"140\" height=\"140\" \/><\/td>\n<td><img loading=\"lazy\" src=\"\/imagenes\/aves\/phylloscopus-ibericus-b.jpg\" alt=\"\" width=\"140\" height=\"140\" \/><\/td>\n<\/tr>\n<tr>\n<td style=\"text-align: center;\"><span id=\"internal-source-marker_0.4\">Culebrera Europea<br \/>\n<em>Circaetus gallicus<\/em><\/span><\/td>\n<td style=\"text-align: center;\"><span id=\"internal-source-marker_0.5\">Pico Menor<br \/>\n<em>Dendrocopos minor<\/em><\/span><\/td>\n<td style=\"text-align: center;\"><span id=\"internal-source-marker_0.6\">Colirrojo Real<br \/>\n<em>Phoenicurus phoenicurus<\/em><\/span><\/td>\n<td style=\"text-align: center;\"><span id=\"internal-source-marker_0.7\">Mosquitero Ib\u00e9rico<br \/>\n<em> Phylloscopus ibericus<\/em><\/span><\/td>\n<\/tr>\n<tr>\n<td><\/td>\n<td><\/td>\n<td><\/td>\n<td><\/td>\n<\/tr>\n<tr>\n<td><img loading=\"lazy\" src=\"\/imagenes\/aves\/sylvia-hortensis-b.jpg\" alt=\"\" width=\"140\" height=\"140\" \/><\/td>\n<td><img loading=\"lazy\" src=\"\/imagenes\/aves\/aquila-adalberti-b.jpg\" alt=\"\" width=\"140\" height=\"140\" \/><\/td>\n<td><img loading=\"lazy\" src=\"\/imagenes\/aves\/monticola-solitarius.jpg\" alt=\"\" width=\"140\" height=\"140\" \/><\/td>\n<td><img loading=\"lazy\" src=\"\/imagenes\/aves\/hieraeetus-fasciatus-b.jpg\" alt=\"\" width=\"140\" height=\"140\" \/><\/td>\n<\/tr>\n<tr>\n<td style=\"text-align: center;\"><span id=\"internal-source-marker_0.8\">Curruca Mirlona<br \/>\n<em> Sylvia hortensis<\/em><\/span><\/td>\n<td style=\"text-align: center;\">\u00c1guila Imperial<br \/>\n<em> Aquila adalberti<\/em><\/td>\n<td style=\"text-align: center;\">Roquero solitario<br \/>\n<em>Monticola solitarius<\/em><\/td>\n<td style=\"text-align: center;\">\u00c1guila Perdicera<br \/>\n<em> Hieraeetus fasciatus<\/em><\/td>\n<\/tr>\n<\/tbody>\n<\/table>\n","protected":false},"excerpt":{"rendered":"<p>Buitre Negro Aegypius monachus Vencejo Cafre Apus caffer \u00c1guila Real Aquila chrysaetos Cig\u00fce\u00f1a Negra Ciconia nigra Culebrera Europea Circaetus gallicus Pico Menor Dendrocopos minor Colirrojo Real Phoenicurus phoenicurus Mosquitero Ib\u00e9rico Phylloscopus ibericus Curruca Mirlona Sylvia hortensis \u00c1guila Imperial Aquila adalberti Roquero solitario Monticola solitarius \u00c1guila Perdicera Hieraeetus fasciatus<\/p>\n","protected":false},"author":4,"featured_media":0,"parent":2519,"menu_order":0,"comment_status":"open","ping_status":"open","template":"","meta":{"ngg_post_thumbnail":0},"_links":{"self":[{"href":"http:\/\/avesdesierramorena.sierramorena.com\/index.php?rest_route=\/wp\/v2\/pages\/250"}],"collection":[{"href":"http:\/\/avesdesierramorena.sierramorena.com\/index.php?rest_route=\/wp\/v2\/pages"}],"about":[{"href":"http:\/\/avesdesierramorena.sierramorena.com\/index.php?rest_route=\/wp\/v2\/types\/page"}],"author":[{"embeddable":true,"href":"http:\/\/avesdesierramorena.sierramorena.com\/index.php?rest_route=\/wp\/v2\/users\/4"}],"replies":[{"embeddable":true,"href":"http:\/\/avesdesierramorena.sierramorena.com\/index.php?rest_route=%2Fwp%2Fv2%2Fcomments&post=250"}],"version-history":[{"count":27,"href":"http:\/\/avesdesierramorena.sierramorena.com\/index.php?rest_route=\/wp\/v2\/pages\/250\/revisions"}],"predecessor-version":[{"id":3364,"href":"http:\/\/avesdesierramorena.sierramorena.com\/index.php?rest_route=\/wp\/v2\/pages\/250\/revisions\/3364"}],"up":[{"embeddable":true,"href":"http:\/\/avesdesierramorena.sierramorena.com\/index.php?rest_route=\/wp\/v2\/pages\/2519"}],"wp:attachment":[{"href":"http:\/\/avesdesierramorena.sierramorena.com\/index.php?rest_route=%2Fwp%2Fv2%2Fmedia&parent=250"}],"curies":[{"name":"wp","href":"https:\/\/api.w.org\/{rel}","templated":true}]}}

Guía de las aves de Sierra Morena (anterior)

<table border="0" width="590">
<tbody>
<tr>
<td width="143"><img style="width: 140px; height: 140px; position: absolute;" src="http://avesdesierramorena.sierramorena.com/imagenes/aves/avesdesierramorena.gif" alt="" /><img src="http://avesdesierramorena.sierramorena.com/imagenes/aves/aegypius-monachus-b.jpg" alt="" /></td>
<td width="143"><a href="/?page_id=370"><img style="width: 140px; height: 140px; position: absolute;" src="http://avesdesierramorena.sierramorena.com/imagenes/aves/avesdesierramorena.gif" alt="" /><img src="http://avesdesierramorena.sierramorena.com/imagenes/aves/apus-caffer-b.jpg" alt="" /></a></td>
<td width="143"><img style="width: 140px; height: 140px; position: absolute;" src="http://avesdesierramorena.sierramorena.com/imagenes/aves/avesdesierramorena.gif" alt="" /><img src="http://avesdesierramorena.sierramorena.com/imagenes/aves/aquila-chrysaetos-b.jpg" alt="" /></td>
<td width="143"><img style="width: 140px; height: 140px; position: absolute;" src="http://avesdesierramorena.sierramorena.com/imagenes/aves/avesdesierramorena.gif" alt="" /><img src="http://avesdesierramorena.sierramorena.com/imagenes/aves/ciconia-nigra-b.jpg" alt="" /></td>
</tr>
<tr>
<td style="text-align: center;"><span id="internal-source-marker_0.5685568844154812">Buitre Negro<br />
<em>Aegypius monachus</em></span></td>
<td style="text-align: center;"><span id="internal-source-marker_0.">Vencejo Cafre<br />
<em>Apus caffer</em></span></td>
<td style="text-align: center;"><span id="internal-source-marker_0.2"> Águila Real<br />
<em>Aquila chrysaetos</em></span></td>
<td style="text-align: center;"><span id="internal-source-marker_0.3">Cigüeña Negra<br />
<em>Ciconia nigra</em></span></td>
</tr>
<tr>
<td></td>
<td></td>
<td></td>
<td></td>
</tr>
<tr>
<td><img style="width: 140px; height: 140px; position: absolute;" src="http://avesdesierramorena.sierramorena.com/imagenes/aves/avesdesierramorena.gif" alt="" /><img src="http://avesdesierramorena.sierramorena.com/imagenes/aves/circaetus-gallicus-b.jpg" alt="" /></td>
<td><img loading="lazy" src="/imagenes/aves/dendrocopos-minor-b.jpg" alt="" width="140" height="140" /></td>
<td><img loading="lazy" src="/imagenes/aves/phoenicurus-phoenicurus-b.jpg" alt="" width="140" height="140" /></td>
<td><img loading="lazy" src="/imagenes/aves/phylloscopus-ibericus-b.jpg" alt="" width="140" height="140" /></td>
</tr>
<tr>
<td style="text-align: center;"><span id="internal-source-marker_0.4">Culebrera Europea<br />
<em>Circaetus gallicus</em></span></td>
<td style="text-align: center;"><span id="internal-source-marker_0.5">Pico Menor<br />
<em>Dendrocopos minor</em></span></td>
<td style="text-align: center;"><span id="internal-source-marker_0.6">Colirrojo Real<br />
<em>Phoenicurus phoenicurus</em></span></td>
<td style="text-align: center;"><span id="internal-source-marker_0.7">Mosquitero Ibérico<br />
<em> Phylloscopus ibericus</em></span></td>
</tr>
<tr>
<td></td>
<td></td>
<td></td>
<td></td>
</tr>
<tr>
<td><img loading="lazy" src="/imagenes/aves/sylvia-hortensis-b.jpg" alt="" width="140" height="140" /></td>
<td><img loading="lazy" src="/imagenes/aves/aquila-adalberti-b.jpg" alt="" width="140" height="140" /></td>
<td><img loading="lazy" src="/imagenes/aves/monticola-solitarius.jpg" alt="" width="140" height="140" /></td>
<td><img loading="lazy" src="/imagenes/aves/hieraeetus-fasciatus-b.jpg" alt="" width="140" height="140" /></td>
</tr>
<tr>
<td style="text-align: center;"><span id="internal-source-marker_0.8">Curruca Mirlona<br />
<em> Sylvia hortensis</em></span></td>
<td style="text-align: center;">Águila Imperial<br />
<em> Aquila adalberti</em></td>
<td style="text-align: center;">Roquero solitario<br />
<em>Monticola solitarius</em></td>
<td style="text-align: center;">Águila Perdicera<br />
<em> Hieraeetus fasciatus</em></td>
</tr>
</tbody>
</table>

<p>Buitre Negro Aegypius monachus Vencejo Cafre Apus caffer Águila Real Aquila chrysaetos Cigüeña Negra Ciconia nigra Culebrera Europea Circaetus gallicus Pico Menor Dendrocopos minor Colirrojo Real Phoenicurus phoenicurus Mosquitero Ibérico Phylloscopus ibericus Curruca Mirlona Sylvia hortensis Águila Imperial Aquila adalberti Roquero solitario Monticola solitarius Águila Perdicera Hieraeetus fasciatus</p>
