{"id":3697,"date":"2014-01-03T08:55:40","date_gmt":"2014-01-03T08:55:40","guid":{"rendered":"http:\/\/avesdesierramorena.sierramorena.com\/?page_id=3697"},"modified":"2014-01-03T11:13:36","modified_gmt":"2014-01-03T11:13:36","slug":"sierra-morena-un-paraiso-para-los-amantes-de-la-fauna-y-la-naturaleza","status":"publish","type":"page","link":"http:\/\/avesdesierramorena.sierramorena.com\/?page_id=3697","title":{"rendered":"SIERRA MORENA: UN PARA\u00cdSO PARA LOS AMANTES DE LA FAUNA Y LA NATURALEZA"},"content":{"rendered":"<p style=\"text-align: justify;\"><a title=\"monte-med\" href=\"http:\/\/birdingandalusia.sierramorena.com\/wp-content\/uploads\/2011\/09\/monte-med.jpg\" rel=\"lightbox[277]\"><img loading=\"lazy\" class=\"alignleft size-medium wp-image-4493\" title=\"monte-med\" alt=\"\" src=\"http:\/\/birdingandalusia.sierramorena.com\/wp-content\/uploads\/2011\/09\/monte-med-288x300.jpg\" width=\"288\" height=\"300\" \/><\/a><i>Justo al amanecer fuimos testigos de la sesi\u00f3n de pesca de una nutria cerca de nuestra posici\u00f3n, que capturaba barbos gitanos y los devoraba sobre una roca, dej\u00e1ndose fotografiar en buenas condiciones. Seguimos con un paseo junto al r\u00edo, a la sombra de alisos, fresnos y alcornoques, escuchando al mosquitero ib\u00e9rico y viendo volar a la amenazada lib\u00e9lula <\/i>Oxygastra curtisii<i>, una esmeralda rel\u00edctica que a\u00fan vuela por algunos de nuestros r\u00edos.<\/i><\/p>\n<p style=\"text-align: justify;\"><i>Ya avanzada la ma\u00f1ana nos movimos a una zona de dehesa y monte mediterr\u00e1neo, donde nos pusimos nerviosos al escuchar en el cielo el caracter\u00edstico canto del \u00e1guila imperial ib\u00e9rica, a la que pudimos ver volando junto a buitres leonados y negros. Unos metros por debajo de ellos, en una charca, pescaban dos cig\u00fce\u00f1as negras con la banda sonora de las calandrias y el escandaloso canto del cr\u00edalo. Tambi\u00e9n pudimos ver varias lagartijas cenicientas y una culebra de herradura de buen tama\u00f1o.<\/i><\/p>\n<p style=\"text-align: justify;\"><i>Tras comer algo r\u00e1pido en un pintoresco pueblo blanco, visitamos un\u00a0 roquedo para conseguir anotar en nuestros cuadernos a la golondrina d\u00e1urica y a su eterno enemigo el vencejo cafre, a la vez que un roquero solitario emit\u00eda su aflautada melod\u00eda y un \u00e1guila perdicera marcaba su territorio en el cielo. All\u00ed pudimos fotografiar un rodal de la soberbia orqu\u00eddea gigante <\/i>Barlia robertiana<i>.<\/i><\/p>\n<p style=\"text-align: justify;\"><a title=\"riscos\" href=\"http:\/\/birdingandalusia.sierramorena.com\/wp-content\/uploads\/2011\/09\/riscos.jpg\" rel=\"lightbox[277]\"><img loading=\"lazy\" class=\"alignright size-medium wp-image-4496\" title=\"riscos\" alt=\"\" src=\"http:\/\/birdingandalusia.sierramorena.com\/wp-content\/uploads\/2011\/09\/riscos-225x300.jpg\" width=\"225\" height=\"300\" \/><\/a><i>Ya por la tarde, las currucas mirlonas y los abejarucos amenizaron nuestra espera en un promontorio, desde donde tuvimos la fortuna de disfrutar del poderoso lince ib\u00e9rico campeando por sus dominios, subiendo por una ladera bajo la inquieta mirada de muflones y ciervos. El d\u00eda termin\u00f3 con el canto de un b\u00faho real posado en una encina, y con los coros de sapos parteros ib\u00e9ricos en la distancia. Al volver al alojamiento, nos estaba esperando una deliciosa comida con todo el sabor de la gastronom\u00eda andaluza.<\/i><\/p>\n<p style=\"text-align: justify;\">Este relato corresponde a una jornada naturalista de primavera en uno de los grandes santuarios de la naturaleza ib\u00e9rica. Situada en el Sur de Espa\u00f1a, <b>SIERRA MORENA<\/b> es una enorme \u00e1rea de interior que abarca gran parte del extremo norte de Andaluc\u00eda. Se divide en cuatro sectores, de Oeste a Este: Sierra de Aracena y Picos de Aroche, Sierra Morena Sevillana, Sierra Morena Cordobesa y Sierra Morena de Ja\u00e9n, perteneciendo administrativamente cada uno de ellos a una provincia distinta (Huelva, Sevilla, C\u00f3rdoba y Ja\u00e9n).<\/p>\n<p style=\"text-align: justify;\"><a title=\"encinares\" href=\"http:\/\/birdingandalusia.sierramorena.com\/wp-content\/uploads\/2011\/09\/encinares.jpg\" rel=\"lightbox[277]\"><img loading=\"lazy\" class=\"alignleft\" title=\"encinares\" alt=\"\" src=\"http:\/\/birdingandalusia.sierramorena.com\/wp-content\/uploads\/2011\/09\/encinares-300x225.jpg\" width=\"300\" height=\"225\" \/><\/a>Sierra Morena presenta una baj\u00edsima densidad de poblaci\u00f3n humana, y abarca algunos de los <b>rincones m\u00e1s salvajes y mejor conservados de la Espa\u00f1a mediterr\u00e1nea<\/b>; los habitantes de sus 57 peque\u00f1os pueblos llevan siglos utilizando sus recursos de modo sostenible. No en vano, dentro de Sierra Morena hay <b>6 parques naturales y una Reserva de la Biosfera<\/b>, adem\u00e1s de varias reservas y monumentos naturales. De hecho, m\u00e1s del 90% del territorio de Sierra Morena est\u00e1 reconocido como Lugar de Inter\u00e9s Comunitario y forma parte, por tanto, de la europea <b>Red Natura 2000<\/b>. Sus parques naturales son: <i>Sierra de And\u00fajar<\/i> (famoso por ser el mejor lugar del mundo para ver al lince ib\u00e9rico), <i>Despe\u00f1aperros<\/i>, <i>Sierra de Carde\u00f1a-Montoro<\/i>, <i>Sierra de Hornachuelos<\/i>, <i>Sierra Norte de Sevilla<\/i> y <i>Sierra de Aracena y Picos de Aroche<\/i>.<\/p>\n<p style=\"text-align: justify;\"><a title=\"rio\" href=\"http:\/\/birdingandalusia.sierramorena.com\/wp-content\/uploads\/2011\/09\/rio1.jpg\" rel=\"lightbox[277]\"><img loading=\"lazy\" class=\"alignright\" title=\"rio\" alt=\"\" src=\"http:\/\/birdingandalusia.sierramorena.com\/wp-content\/uploads\/2011\/09\/rio1-225x300.jpg\" width=\"225\" height=\"300\" \/><\/a>Los <b>h\u00e1bitats <\/b>m\u00e1s representativos de Sierra Morena son las dehesas de encinas y alcornoques, las formaciones de matorral mediterr\u00e1neo, el bosque subh\u00famedo mediterr\u00e1neo (quejigales, robledales, alcornocales), los pinares y los bosques de ribera, aunque tambi\u00e9n tienen importancia local los olivares, casta\u00f1ares, pastizales, estepas, cultivos de secano y plantaciones forestales. La <b>red hidrogr\u00e1fica<\/b> es muy importante, existiendo numerosos r\u00edos y arroyos que sufren un marcado estiaje en verano, como es propio del clima mediterr\u00e1neo (la fauna y la flora locales est\u00e1n perfectamente adaptadas a este hecho). Tambi\u00e9n hay embalses de origen artificial.<\/p>\n<p style=\"text-align: justify;\">\u00a0Pero, <b>\u00bfpor qu\u00e9 elegir Sierra Morena para el pajareo?<\/b> Hay muchos motivos para que los <i>birdwatchers<\/i> se animen a venir a este novedoso y \u2013a\u00fan\u2013 poco visitado destino:<\/p>\n<p style=\"text-align: justify;\">&#8211; En primer lugar, entre sus <b>241 especies de aves<\/b> se incluyen muchas de las joyas de la avifauna ib\u00e9rica y especialidades mediterr\u00e1neas como el \u00e1guila imperial ib\u00e9rica y el buitre negro (sus principales poblaciones andaluzas se encuentran aqu\u00ed), las \u00e1guilas perdicera, y calzada, la culebrera europea, el milano negro, el cern\u00edcalo primilla, el buitre leonado, el abejaruco, las currucas mirlona, carrasque\u00f1a y cabecinegra, el mosquitero ib\u00e9rico, los vencejos cafre, real, p\u00e1lido y moro, el chotacabras pardo, la chova piquirroja, las collalbas rubia y negra, el roquero solitario, los gorriones chill\u00f3n y moruno, la golondrina d\u00e1urica, las cig\u00fce\u00f1as negra y blanca, el pito real ib\u00e9rico, el rabilargo ib\u00e9rico, el cr\u00edalo, el sis\u00f3n, el aguilucho cenizo, la carraca, la cogujada montesina, la abubilla, el estornino negro, el alzacola, el zarcero p\u00e1lido occidental, el alcarav\u00e1n, el escribano sote\u00f1o, \u00a0la t\u00f3rtola europea, la perdiz roja, los alcaudones com\u00fan y real, el calam\u00f3n o la orop\u00e9ndola.<\/p>\n<p style=\"text-align: justify;\">&#8211; Sus espacios naturales son, adem\u00e1s, el hogar de amenazados carn\u00edvoros como el <b>lince ib\u00e9rico<\/b> y el lobo ib\u00e9rico, y mantienen grandes poblaciones de ciervos, gamos, muflones y otros mam\u00edferos. Sobresale su cat\u00e1logo de <b>reptiles y de anfibios<\/b>, con varios taxones exclusivos de la Pen\u00ednsula Ib\u00e9rica y del suroeste europeo.<\/p>\n<p style=\"text-align: justify;\">&#8211; El naturalista experto tendr\u00e1, adem\u00e1s, oportunidades de disfrutar con su <b>bien conservada fauna<\/b> de quir\u00f3pteros, peces aut\u00f3ctonos e insectos (destacando entre estos los odonatos). La flora alberga muchas especies asociadas al clima mediterr\u00e1neo, y bellas orqu\u00eddeas primaverales.<\/p>\n<p style=\"text-align: justify;\"><a title=\"bee-eater\" href=\"http:\/\/birdingandalusia.sierramorena.com\/wp-content\/uploads\/2011\/09\/bee-eater.jpg\" target=\"_blank\" rel=\"lightbox[277]\"><img loading=\"lazy\" class=\"size-medium wp-image-4509 alignright\" title=\"bee-eater\" alt=\"\" src=\"http:\/\/birdingandalusia.sierramorena.com\/wp-content\/uploads\/2011\/09\/bee-eater-300x188.jpg\" width=\"300\" height=\"188\" \/><\/a>&#8211; Adem\u00e1s, hay que tener en cuenta que Sierra Morena se sit\u00faa <b>cerca de otros espacios ornitol\u00f3gicos de primer orden<\/b>, como Do\u00f1ana (a s\u00f3lo 1 hora) o La Serena (tambi\u00e9n a 1 hora). Tambi\u00e9n est\u00e1n relativamente cerca lugares muy interesantes para el amante de la naturaleza y las aves, como Marismas del Odiel, el Brazo del Este, la laguna de Fuente de Piedra, las Sierras de Grazalema y Ronda, o las lagunas y campi\u00f1as de La Lantejuela-Osuna. Algo m\u00e1s lejos, aunque aun a distancias asequibles, est\u00e1n el Estrecho de Gibraltar, Sierra Nevada, Almer\u00eda-Cabo de Gata o Llanos de C\u00e1ceres-Trujillo. Por ello, es f\u00e1cil planear una visita combinando varios de estos lugares, los cuales ofrecen aves y paisajes muy diferentes entre s\u00ed, de modo que el pajarero podr\u00e1 conseguir una larga lista de aves observadas sin hacer grandes desplazamientos.<\/p>\n<p style=\"text-align: justify;\">&#8211; Sierra Morena est\u00e1 tambi\u00e9n <b>muy bien situada<\/b> para aquellos que visitan las hist\u00f3ricas y bonitas ciudades de Sevilla, C\u00f3rdoba y Granada, y adem\u00e1s se encuentra a menos de 1 hora del aeropuerto de Sevilla, a menos de 2 horas del aeropuerto de M\u00e1laga-Costa del Sol, y a 2h30min de los aeropuertos de Madrid y de Faro-Algarve.<\/p>\n<p style=\"text-align: justify;\"><a title=\"western-paeony\" href=\"http:\/\/birdingandalusia.sierramorena.com\/wp-content\/uploads\/2011\/09\/western-paeony.jpg\" target=\"_blank\" rel=\"lightbox[277]\"><img loading=\"lazy\" class=\"alignright\" title=\"western-paeony\" alt=\"\" src=\"http:\/\/birdingandalusia.sierramorena.com\/wp-content\/uploads\/2011\/09\/western-paeony-224x300.jpg\" width=\"224\" height=\"300\" \/><\/a>&#8211; El conjunto de Sierra Morena est\u00e1 salpicado de <b>bonitos y peque\u00f1os pueblos blancos<\/b>, t\u00edpicos de Andaluc\u00eda y con un importante patrimonio hist\u00f3rico-art\u00edstico. En ellos hay una variada oferta de alojamientos, con hoteles, hostales, casas rurales, campings y granjas ecol\u00f3gicas. La comida es especialmente buena y cuenta con amplio reconocimiento en Espa\u00f1a y el extranjero, destacando el jam\u00f3n ib\u00e9rico de bellota y el aceite de oliva.<\/p>\n<p style=\"text-align: justify;\">&#8211; Por \u00faltimo, Sierra Morena se est\u00e1 consolidando en los \u00faltimos tiempos como un lugar ideal para la pr\u00e1ctica del <b>ecoturismo<\/b>. El incipiente tejido empresarial de peque\u00f1as compa\u00f1\u00edas locales \u2013respetuosas con el Medio Ambiente y que cuentan con todos los permisos obligatorios\u2013 ofrece servicios como rutas ornitol\u00f3gicas guiadas, fotograf\u00eda de rapaces y paseriformes desde <i>hide<\/i>, senderismo, avistamiento de lince y otros mam\u00edferos, identificaci\u00f3n de setas, visitas culturales y etnogr\u00e1ficas, <i>nordic walking<\/i>, paseos en piragua y a caballo, etc.<\/p>\n<p style=\"text-align: justify;\"><a title=\"southern-marbled-newt\" href=\"http:\/\/birdingandalusia.sierramorena.com\/wp-content\/uploads\/2011\/09\/southern-marbled-newt.jpg\" target=\"_blank\" rel=\"lightbox[277]\"><img loading=\"lazy\" class=\"alignleft size-medium wp-image-4515\" title=\"southern-marbled-newt\" alt=\"\" src=\"http:\/\/birdingandalusia.sierramorena.com\/wp-content\/uploads\/2011\/09\/southern-marbled-newt-300x185.jpg\" width=\"300\" height=\"185\" \/><\/a>En esta p\u00e1gina web encontrar\u00e1s una <a title=\"Gu\u00eda de las aves de Sierra Morena\" href=\"http:\/\/avesdesierramorena.sierramorena.com\/?page_id=2519\"><b>Gu\u00eda de Aves online<\/b><\/a>\u00a0e informaci\u00f3n sobre las <a title=\"Rutas Ornitol\u00f3gicas en Sierra Morena\" href=\"http:\/\/avesdesierramorena.sierramorena.com\/?page_id=39\"><b>62 rutas ornitol\u00f3gicas<\/b><\/a> que hemos se\u00f1alizado en Sierra Morena, as\u00ed como su localizaci\u00f3n y sus especies estrella. Todos los detalles de las mismas est\u00e1n en los libros de la colecci\u00f3n <a title=\"Rutas para ver aves y naturaleza en Sierra Morena\" href=\"http:\/\/avesdesierramorena.sierramorena.com\/?page_id=155\"><b><i>Rutas para ver Aves y Naturaleza en Sierra Morena<\/i><\/b><\/a>, que tienen un formato pensado para llevar al campo y no perderse nada.<\/p>\n<p style=\"text-align: justify;\">La pesta\u00f1a de la agrupaci\u00f3n de <b>empresas de turismo ornitol\u00f3gico de Sierra Morena<\/b>, llamada <a title=\"Red MITO\" href=\"http:\/\/avesdesierramorena.sierramorena.com\/?page_id=2550\"><b>Red MITO<\/b><\/a>, es de gran utilidad para planificar la visita a nuestro territorio, ya que en ella aparecen alojamientos orientados al turista ornitol\u00f3gico y compa\u00f1\u00edas locales que ofrecen servicios relacionados con el <i>birdwatching<\/i>, la fotograf\u00eda de naturaleza o el senderismo.<\/p>\n<p style=\"text-align: justify;\"><b>\u00a1Te esperamos en Sierra Morena!<\/b><\/p>\n","protected":false},"excerpt":{"rendered":"<p>Justo al amanecer fuimos testigos de la sesi\u00f3n de pesca de una nutria cerca de nuestra posici\u00f3n, que capturaba barbos gitanos y los devoraba sobre una roca, dej\u00e1ndose fotografiar en buenas condiciones. Seguimos con un paseo junto al r\u00edo, a la sombra de alisos, fresnos y alcornoques, escuchando al mosquitero ib\u00e9rico y viendo volar a [&hellip;]<\/p>\n","protected":false},"author":4,"featured_media":0,"parent":0,"menu_order":0,"comment_status":"open","ping_status":"open","template":"","meta":{"ngg_post_thumbnail":0},"_links":{"self":[{"href":"http:\/\/avesdesierramorena.sierramorena.com\/index.php?rest_route=\/wp\/v2\/pages\/3697"}],"collection":[{"href":"http:\/\/avesdesierramorena.sierramorena.com\/index.php?rest_route=\/wp\/v2\/pages"}],"about":[{"href":"http:\/\/avesdesierramorena.sierramorena.com\/index.php?rest_route=\/wp\/v2\/types\/page"}],"author":[{"embeddable":true,"href":"http:\/\/avesdesierramorena.sierramorena.com\/index.php?rest_route=\/wp\/v2\/users\/4"}],"replies":[{"embeddable":true,"href":"http:\/\/avesdesierramorena.sierramorena.com\/index.php?rest_route=%2Fwp%2Fv2%2Fcomments&post=3697"}],"version-history":[{"count":6,"href":"http:\/\/avesdesierramorena.sierramorena.com\/index.php?rest_route=\/wp\/v2\/pages\/3697\/revisions"}],"predecessor-version":[{"id":3706,"href":"http:\/\/avesdesierramorena.sierramorena.com\/index.php?rest_route=\/wp\/v2\/pages\/3697\/revisions\/3706"}],"wp:attachment":[{"href":"http:\/\/avesdesierramorena.sierramorena.com\/index.php?rest_route=%2Fwp%2Fv2%2Fmedia&parent=3697"}],"curies":[{"name":"wp","href":"https:\/\/api.w.org\/{rel}","templated":true}]}}